
5
Let r be (40/15)/(2/3). Suppose p = r*j + 23, 3*j + 9 + 12 = p. Calculate the remainder when 29 is divided by p.
14
Suppose 2*b = -h - 8, 4*h + 33 = b + 10. Let q(y) = 3*y**2 + 9*y + 9. Calculate the remainder when q(h) is divided by 13.
11
Suppose 2*v = -v + 6. Suppose -v*b + 8 = -b. Suppose t = -5*w - 12, 5*w + 77 = 10*t - 6*t. Calculate the remainder when t is divided by b.
5
Let l(y) = y**2 - 5*y + 5. Let n = -1 + 5. Let u be l(n). Let z = 1 + u. Calculate the remainder when 3 is divided by z.
1
Let r = -9 + -9. Calculate the remainder when 19 is divided by 2/(-9) + (-130)/r.
5
Suppose -5*z + 138 = 5*v - 17, 62 = 2*v + z. What is the remainder when v is divided by 7?
3
Suppose -27 = -2*h - 7. What is the remainder when h is divided by 4?
2
Suppose -a + 5 = 3*v, -a + 15 = 2*a - 4*v. Let x be (a/(-2) + 2)*0. Suppose x*b = b - 4. What is the remainder when b is divided by 2?
0
Let s(g) = -g - 3. Let o(v) = 3*v + 5. Let t(j) = -2*o(j) - 5*s(j). Let c(n) = -8*n - 3. What is the remainder when c(-3) is divided by t(-6)?
10
Let o(j) = 36*j - 2. Let l be o(3). Suppose -5*g = 11 - l. What is the remainder when g is divided by 10?
9
Suppose -45 = 28*k - 31*k. What is the remainder when 58 is divided by k?
13
Suppose -w - 15 = -2*a, -5*a + 45 = 6*w - w. Calculate the remainder when 12/a*(-4)/(-6) is divided by 1.
0
Suppose 5*k = 5*c + 75, -4*k + c = 13 - 67. Calculate the remainder when 18 is divided by k.
5
Suppose k = 11 - 2. Let u be 2/((-6)/k) - -3. Calculate the remainder when ((3 - 4) + u)*-2 is divided by 2.
0
Suppose -4*g - 9*g = -1703. Calculate the remainder when g is divided by 22.
21
Calculate the remainder when 60 is divided by 134/8 + 4/16.
9
Suppose -w = t - 30, -w - 30 - 27 = -2*t. Calculate the remainder when 113 is divided by t.
26
Let p(z) = 2*z**2 + 106. What is the remainder when p(0) is divided by 55?
51
What is the remainder when 128 is divided by (-608)/(-14) - (4 - 25/7)?
42
Let c = -1 - -5. Suppose -4*t + 2*v = -3*v - 18, c*v + 8 = 0. Calculate the remainder when 2 is divided by t/(-2) - (1 - 3).
0
Suppose 5*k - 72 = 73. Let w = 18 + -10. Calculate the remainder when k is divided by w.
5
Let m(v) = -v**3 - 5*v**2 - 10*v - 6. What is the remainder when m(-5) is divided by 15?
14
Suppose 0 = 2*o + 3*o - 50. What is the remainder when 38 is divided by o?
8
Let o be 1 + 1 + 616/4. Suppose 3*i = 3*u + o, 3*u + 80 + 26 = 2*i. What is the remainder when i is divided by 13?
11
Suppose 26 = -x + 3*d, -4*d - 10 - 3 = 3*x. What is the remainder when x/(-44) - 366/(-8) is divided by 24?
22
Let i(v) = 12*v + 1. Calculate the remainder when 47 is divided by i(2).
22
Suppose -b + 35 = 4. What is the remainder when b is divided by 8?
7
Suppose s + 5*r = 3 + 13, -5*r + 15 = 0. Calculate the remainder when s is divided by (-1 - -4)*(-2)/(-6).
0
Let v = 10 - -23. Calculate the remainder when v is divided by ((-9)/6)/(2/(-12)).
6
Suppose -4*z + 57 = -83. Suppose -4*v + 7*v - 54 = 0. Calculate the remainder when z is divided by v.
17
Let q = -14 - -19. Suppose -5*s = -13 - 27. What is the remainder when s is divided by q?
3
What is the remainder when -1 - 154/(-4)*2 is divided by 20?
16
Calculate the remainder when (-2)/(-11) - 2800/(-88) is divided by 7.
4
Let t be 13/2 - (-2)/(-4). Let l be 3*(t/(-3) + 1). Let v(x) = -5*x + 4. Calculate the remainder when 56 is divided by v(l).
18
Suppose 0 = s - 3*t - 18, -2*t = 5*s - 5*t - 30. Let u = s - -5. What is the remainder when 22 is divided by u?
6
What is the remainder when 15 is divided by 3/(-6)*-2*4?
3
Let l(u) be the second derivative of -u**5/20 - u**4/4 + u**3/2 + u**2/2 - 2*u. Let v = -7 + 10. Calculate the remainder when l(-4) is divided by v.
2
Suppose 5*o - 215 = 2*a, 0*o = -4*o - 5*a + 172. Suppose -2*j - 9 = -o. Calculate the remainder when 48 is divided by j.
14
Let q(j) = j**3 - j**2 + 1. Let a be q(2). Suppose 0 = a*x - 45 - 15. Suppose -4*d = -20, -l - 5*d = -2*l + 9. What is the remainder when l is divided by x?
10
Let h(w) = w**2 + w + w + w**3 + 0*w**3. Let a be h(-2). Calculate the remainder when 34 is divided by (-3 - a)*(-36)/(-10).
16
Let t(z) = -z**2 - 10*z - 6. Let n be t(-8). Let y = n - 6. Suppose -y*x + 20 = -32. What is the remainder when 25 is divided by x?
12
Suppose 0 = -y, -a + y + 6 = -0*a. Let u(v) = v - 5. Calculate the remainder when 2 is divided by u(a).
0
Suppose -2*u + 5*x = 0, -5*x + x = -2*u + 2. Calculate the remainder when 23 is divided by u.
3
Let g = -8 + 8. Suppose 2*y + g*a - 4 = 3*a, -y + 9 = 2*a. What is the remainder when y is divided by 3?
2
Let h be 6*(-2 + 1) - -1. Let x(r) = -2*r - 4. Let p be x(h). Suppose 0 = -3*q + 4*q - l - p, q + 2*l = 9. What is the remainder when 19 is divided by q?
5
Let x = -18 - -41. Calculate the remainder when x is divided by (-2 + 1)*(-10 - 2).
11
Let k(q) = 10*q**2 - 4*q - 3. What is the remainder when k(-2) is divided by 16?
13
Suppose -130 = -5*o - 25. Let m = 26 - 15. Calculate the remainder when o is divided by m.
10
Let s be 0/1 + (6 - 4). Suppose 2*w = -3*f + 61, 3*f - 2*f - 31 = s*w. Suppose -4*y = m, 4*m = y + y + 36. Calculate the remainder when f is divided by m.
7
Let v(d) = 9*d + 128. Suppose -21 = -x - 2*x. Calculate the remainder when v(-12) is divided by x.
6
Suppose -5*i + 180 = 5*c, 3*i + 4*c = -0*c + 104. Let l = 66 + -27. Let s = -25 + l. Calculate the remainder when i is divided by s.
12
Suppose 4*b - 2*b = 34. What is the remainder when 50 is divided by b?
16
Suppose -m + 5*v - 165 = -4*m, 315 = 5*m - 5*v. What is the remainder when m is divided by 21?
18
Suppose -1142 - 464 = -5*p + 3*r, p - 320 = r. What is the remainder when p is divided by 27?
26
Let l(c) = -c**3 - 12*c**2 - 12*c - 6. Let t be l(-11). Suppose -4*s + t*j = s - 115, 95 = 4*s - 3*j. Calculate the remainder when s is divided by 15.
11
Suppose 6 = -2*z + 5*z. Let a(f) = 2*f**3 + f**2 + 3*f - 3. What is the remainder when 68 is divided by a(z)?
22
Suppose 5*a + 0*a = 190. Suppose -5*d + 85 + 20 = 3*g, -2*d + 42 = -5*g. Calculate the remainder when a is divided by d.
17
Suppose -5*q - f + 251 = 0, -2*q - f = -5*f - 96. What is the remainder when 146 is divided by q?
46
Suppose 2*f + 38 = 3*f. Let i(o) = o**3 - 2*o**2 + 4. Calculate the remainder when f is divided by i(3).
12
Let i = -4 + 9. What is the remainder when -1*2 + 20 + 0 is divided by i?
3
Suppose 3*g = 4*g - 3*v - 3, -3*v = 0. Let q(w) = w + 1. Calculate the remainder when 5 is divided by q(g).
1
Suppose -18 - 15 = -3*d. Suppose w - 170 = -5*n - 4*w, 6 = 2*w. What is the remainder when n is divided by d?
9
Calculate the remainder when 89 is divided by 87/7 + 16/28.
11
Let c(x) = x**2 + x + 19. Let q = -6 - -11. Calculate the remainder when c(0) is divided by (0 + 2)/1*q.
9
Let g(w) be the first derivative of -4*w**2 - w - 1. Let c be (-4 - -2)*6/4. What is the remainder when g(c) is divided by 12?
11
Suppose 3*p - 54 = -0*p. Suppose 3*g - p = -0*g. What is the remainder when 15 is divided by g?
3
Let x be 8/12 + 44/6. Suppose 110 = x*d - 3*d. Calculate the remainder when d is divided by 54/(-36) + 30/4.
4
Let i = -15 + 18. Suppose 20 = -2*l + i*l. What is the remainder when l is divided by 11?
9
Let z(g) = -g**2 + 10*g + 5. Let p(n) = n**2 + 6*n. Let b be p(-7). Suppose 0 = -0*y + y - b. Calculate the remainder when z(y) is divided by 14.
12
Suppose 2*p + 2*w = -0*p + 14, 2*p - 24 = -4*w. Let b = p - -1. Suppose 0 = 5*q - 4*v - 8, -b*q + v + v = -6. What is the remainder when 7 is divided by q?
3
Suppose -h = 4*a - 5, -4*h - a + 6*a + 20 = 0. Suppose 30 = 5*n + h*u, -n + 3*u + 0*u - 2 = 0. Calculate the remainder when 13 is divided by (-14)/n*(-4 + 2).
6
Suppose 46 = 4*h + 2. Calculate the remainder when 49 is divided by h.
5
Let n be (-2)/(-3)*3 + 4. Suppose 3*s - 4*m = -5*m + 22, 0 = 2*s + m - 16. Calculate the remainder when s is divided by -2 + (n/(-3) - -6).
0
Suppose 5*q - 4*s - 66 = 0, 0*q + s - 43 = -3*q. What is the remainder when 38 is divided by q?
10
Suppose 4*s = 2*w + 62, -5*s - 2*w = 2*w - 58. What is the remainder when 82 is divided by s?
12
What is the remainder when 5 is divided by -1 - (1 - (-1 + 7))?
1
Let x = 21 + -10. What is the remainder when (1/2)/((-1)/(-86)) is divided by x?
10
Let o = 8 - 40. Let t = -26 - o. Let r = -43 + 66. What i